NOAA-style Climate Reports

   V/Λ SELECT: Month and Year   OR  >   Month
                   Monthly Climatological Summary for Jul 2024

Name: OFallon Weather   City: OFallon   State: MO
Elevation: 532 ft  Lat: N 38° 50' 20"   Lon: W 090° 43' 42"

                  Temperature (°F), Rain (in), Wind Speed (mph)

                                      Heat  Cool        Avg
    Mean                              Deg   Deg         Wind                 Dom
Day Temp  High   Time   Low    Time   Days  Days  Rain  Speed High   Time    Dir
----------------------------------------------------------------------------------
01  69.1  78.0   18:32  58.0   06:05   1.4   5.4  0.00   2.5  11.0   04:35   ESE
02  78.8  92.5   16:05  64.5   06:00   0.0  13.8  0.00   5.5  24.0   18:00     S
03  77.8  85.5   16:42  71.2   07:53   0.0  12.8  2.52   2.4  18.0   02:53    SW
04  78.0  89.3   16:12  69.2   05:41   0.0  13.0  1.94   2.1  15.0   15:01   WNW
05  77.5  84.7   14:57  69.3   23:56   0.0  12.5  0.00   4.8  23.0   15:14   WNW
06  76.1  88.1   16:22  64.3   06:03   0.0  11.1  0.00   2.1  12.0   08:00   WNW
07  76.3  88.4   15:10  65.0   06:06   0.0  11.3  0.27   3.1  27.0   19:37   SSW
08  73.2  88.1   14:46  66.4   06:45   0.0   8.2  0.31   2.5  21.0   17:31    SW
09  68.9  71.0   00:18  67.0   22:47   0.0   3.9  1.00   2.6  14.0   15:40    NW
10  75.8  88.5   15:58  66.1   06:17   0.0  10.8  0.05   3.9  21.0   20:44     W
11  75.7  88.0   16:09  63.3   05:50   0.1  10.9  0.01   1.6  12.0   15:19   WNW
12  79.0  90.6   16:48  69.7   06:04   0.0  14.0  0.00   1.8  12.0   14:50   SSW
13  79.9  89.1   16:03  70.4   05:56   0.0  14.9  0.00   3.7  17.0   11:19   SSW
14  83.7  92.4   15:55  75.0   05:56   0.0  18.7  0.00   4.6  19.0   15:28   SSW
15  86.2  95.7   16:50  76.3   06:00   0.0  21.2  0.00   4.7  19.0   18:21   SSW
16  75.4  84.9   00:00  69.6   12:14   0.0  10.4  2.09   4.3  33.0   10:38     S
17  76.7  85.5   16:38  67.7   23:59   0.0  11.7  0.00   3.0  14.0   14:03     N
----------------------------------------------------------------------------------
    76.9  95.7    15    58.0     1     1.5 204.6  8.19   3.2  33.0    16      SW

Max >=  90.0  4
Max <=  32.0  0
Min <=  32.0  0
Min <=   0.0  0
Max Rain: 2.52 on day 3
Days of Rain: 8 (>= 0.01 in)  6 (>= 0.10 in)  4 (>= 1.00 in)
Heat Base: 65.0  Cool Base: 65.0  Method: Integration

Powered by Davis Vantage Pro2  and   CumulusMX   v 3.28.6 (b3283)   MXUI Template v 2.2.6 by  Silver Acorn     Valid HTML5 USA Weather Finder Badge